o base 13.
47a41
Convert -4b9d12 (base 15) to base 7.
-42556235
Convert 55329 (base 14) to base 10.
206425
11001000110111010010 (base 2) to base 9
1483523
What is -203100300 (base 4) in base 14?
-3a8c8
-203a81 (base 12) to base 8
-1731101
-15726502 (base 9) to base 15
-a57415
231100232 (base 4) to base 9
312268
2113032 (base 4) to base 7
40134
-80723 (base 12) to base 4
-220300023
What is -49c1c7 (base 13) in base 6?
-101525233
-27c54 (base 16) to base 9
-267410
What is -1298508 (base 10) in base 9?
-2388186
-1145058 (base 10) to base 13
-311265
Convert -a0dd (base 15) to base 16.
-84a6
Convert -152455141 (base 7) to base 5.
-10102330330
What is 1d57b07 (base 14) in base 4?
320031111223
-356c67 (base 14) to base 13
-4bb580
-18576 (base 12) to base 15
-a730
-3233133 (base 5) to base 7
-320366
-12300105 (base 10) to base 6
-1115344533
What is 1324140122 (base 5) in base 2?
1100110001101110100100
What is 2322303042 (base 5) in base 8?
24077405
-92699a (base 12) to base 5
-1041331432
215355443 (base 6) to base 5
1444403012
-130000203 (base 5) to base 12
-261879
What is 10100001110011110010111 (base 2) in base 5?
2324132132
-1546067 (base 9) to base 2
-11010001010100010101
What is -20b1212 (base 12) in base 8?
-27521356
Convert -3d2ab (base 14) to base 10.
-151463
Convert 230513 (base 9) to base 8.
415726
Convert -14a8a55 (base 13) to base 5.
-3143220202
Convert 141dc8 (base 14) to base 13.
1b5300
What is -47766712 (base 8) in base 15?
-dc079d
What is -3c6571 (base 14) in base 10?
-2092007
11110111011110001001101 (base 2) to base 11
463956a
Convert 203322111 (base 6) to base 14.
67aba3
What is 427b (base 15) in base 11?
a628
What is -736465 (base 8) in base 15?
-4c915
What is 13222001302 (base 4) in base 7?
23026522
641541 (base 8) to base 4
310031201
What is 9890906 (base 10) in base 9?
20544685
Convert 1132453531 (base 6) to base 3.
212221200201101
Convert 1053a81 (base 11) to base 12.
752776
What is 3934858 (base 10) in base 16?
3c0a8a
Convert -517284 (base 13) to base 12.
-778043
What is 2b840a (base 13) in base 6?
35012535
24541415 (base 6) to base 12
32186b
1212110111201 (base 3) to base 16
f27f4
What is -118995 (base 11) in base 12?
-90639
111347 (base 15) to base 16
c6c25
312210310230 (base 4) to base 11
8091844
What is -11569811 (base 10) in base 2?
-101100001000101010010011
Convert 21626423 (base 7) to base 10.
1872650
Convert -1314414042 (base 5) to base 12.
-1121888
Convert 8958143 (base 11) to base 2.
111011111010011101110000
21202121020 (base 4) to base 9
4630524
Convert -305245221 (base 6) to base 2.
-10100001100011111001101
-2400310 (base 6) to base 9
-208736
100011100011101001101 (base 2) to base 12
482325
Convert -110111112 (base 4) to base 6.
-1441330
-5a1b56 (base 16) to base 14
-ada0aa
Convert -677363 (base 8) to base 13.
-80388
542d7 (base 16) to base 9
574861
Convert -157625 (base 9) to base 7.
-554105
What is 276a8a3 (base 11) in base 13?
cb14c0
46466646 (base 7) to base 13
accc26
-867194 (base 15) to base 9
-13037814
What is -3a8d5 (base 16) in base 7?
-2016132
-4aa72 (base 11) to base 13
-273bc
Convert -14686042 (base 9) to base 5.
-3333214202
What is 25342 (base 16) in base 9?
252027
-10122102211 (base 3) to base 9
-118384
-41310301 (base 5) to base 8
-1224431
Convert -5324452 (base 6) to base 5.
-31311430
-15948b (base 15) to base 3
-1222000222012
-22635711 (base 8) to base 4
-102303233021
Convert 146aa (base 12) to base 7.
146335
Convert 130000323121 (base 4) to base 12.
2561aa1
Convert 9544b6 (base 12) to base 15.
3167e9
Convert 2256785 (base 9) to base 5.
303000203
135124216 (base 7) to base 9
17573431
642a52 (base 13) to base 7
25646633
265300 (base 16) to base 3
11201121021211
2011110212 (base 4) to base 9
1022072
What is -78058 (base 12) in base 10?
-159044
What is 104104404 (base 7) in base 5?
3100110101
Convert -120601045 (base 7) to base 2.
-11100101010010000010001
Convert -22022202022012 (base 3) to base 5.
-2113030133
What is 27217 (base 10) in base 3?
1101100001
What is -1ea170 (base 15) in base 6?
-52110353
-2130414 (base 5) to base 12
-1905b
-62651540 (base 7) to base 11
-2a93519
Convert 844121 (base 10) to base 9.
1525822
What is 100010011001100110011 (base 2) in base 7?
12403232
What is 10001001111101011 (base 2) in base 15?
15de0
Convert 1423420 (base 5) to base 4.
13102210
Convert 138001 (base 9) to base 12.
40b31
-130605 (base 7) to base 6
-304313
Convert -174187 (base 10) to base 12.
-84977
32b738 (base 13) to base 2
100100100000101101110
47b7a (base 16) to base 9
486853
10051 (base 15) to base 11
35102
Convert -291138 (base 11) to base 7.
-3604410
What is 580016 (base 10) in base 15?
b6ccb
21011021220 (base 3) to base 10
140910
What is -202015 (base 8) in base 7?
-365043
246b0b7 (base 12) to base 2
11011001000000011001011
24b32 (base 14) to base 11
61696
Convert -c28ac6 (base 14) to base 2.
-11001000000010010110110
What is 100100001102 (base 3) in base 15?
3969b
Convert -a7b41 (base 12) to base 14.
-5a801
-e556 (base 16) to base 10
-58710
Convert 67452 (base 15) to base 14.
8793a
What is 30125 (base 9) in base 15?
5ce2
32303222 (base 4) to base 16
ecea
Convert 17072377 (base 9) to base 14.
11c8242
-2661206 (base 7) to base 3
-122211110202
Convert -60523656 (base 7) to base 4.
-103030120203
What is -6242c7 (base 15) in base 6?
-244043541
1110110000001 (base 2) to base 8
16601
-209925 (base 11) to base 9
-560721
What is -25345434 (base 7) in base 16?
-230dcc
-9931401 (base 10) to base 2
-100101111000101010001001
What is -446973 (base 11) in base 5?
-140240143
-1113010 (base 5) to base 9
-30080
What is -16461a (base 12) in base 8?
-1350166
What is -22011100 (base 4) in base 14?
-1109a
What is 25673 (base 8) in base 13?
5132
What is -3304540 (base 7) in base 3?
-202120120111
-13b0a6 (base 13) to base 2
-1110101011111111111
What is -26618 (base 15) in base 7?
-1021142
Convert -20111 (base 12) to base 5.
-2313004
What is -142230 (base 6) in base 14?
-4cb0
386826 (base 9) to base 10
234681
-17645 (base 10) to base 2
-100010011101101
Convert -144321a (base 13) to base 2.
-11000100010100110011001
100002022201 (base 3) to base 7
1343254
Convert -d115a (base 14) to base 8.
-1725234
-13107077 (base 9) to base 13
-1446c61
Convert 1023030112 (base 4) to base 12.
12a29a
Convert 182d2c (base 14) to base 12.
351924
4047781 (base 10) to base 14
7751d3
69290 (base 10) to base 11
48071
What is -206bb (base 13) in base 5?
-3331130
-12242120 (base 5) to base 8
-347212
8c50a (base 14) to base 3
122100002202
What is -255703 (base 8) in base 10?
-89027
20102202221 (base 3) to base 9
212687
10056342 (base 9) to base 2
10010011000110111001101
Convert 42b5ba2 (base 12) to base 16.
c17b6a
What is 73642 (base 9) in base 12?
24192
-211021122002 (base 3) to base 9
-737562
2695472 (base 11) to base 9
8664375
1101100001001110101001 (base 2) to base 3
20200001102102
1220120012 (base 4) to base 9
721408
100010111001101 (base 2) to base 13
8197
Convert 122112110202 (base 3) to base 11.
216363
abb845 (base 12) to base 14
513457
178009 (base 10) to base 11
111817
What is 1111120002 (base 3) in base 5?
1421232
What is 11100021 (base 3) in base 14?
1222
Convert -52698 (base 12) to base 11.
-74258
Convert 19460 (base 16) to base 10.
103520
Convert 196c6c (base 14) to base 3.
1200211222012
What is 241150 (base 6) in base 7?
115164
-1752033 (base 8) to base 12
-208aa3
What is 4247583 (base 9) in base 14?
433493
Convert -14344211 (base 5) to base 3.
-21202221202
-a1867 (base 12) to base 16
-3358f
f46cf (base 16) to base 5
224014132
What is -10001120111022 (base 3) in base 13?
-44ba21
Convert -10220112222001 (base 3) to base 11.
-1199a4a
Convert -3424121 (base 5) to base 4.
-32323221
-3bc5a7 (base 13) to base 6
-51105540
Convert 2760de (base 15) to base 2.
111001110010011010000
202103302120 (base 4) to base 11
5093313
Convert -2115435 (base 7) to base 4.
-332212323
Convert -222122001100101 (base 3) to base 9.
-28561311
Convert 24104040 (base 5) to base 16.
364bb
What is -3201013 (base 4) in base 15?
-4407
What is -155253242 (base 6) in base 7?
-40231031
Convert -72901d (base 15) to base 7.
-64205164
What is -20616 (base 13) in base 11?
-3a769
-2351440 (base 11) to base 7
-46601154
What is -101312230120 (base 4) in base 12?
-1698734
42442324